
2
Let p(u) = u + 1. Suppose -4*o + 5 + 1 = -3*h, 5*o - 2*h - 4 = 0. What is the units digit of p(o)?
1
Let h(p) = 2*p - 2. Let l be h(-3). Let m = l + 9. What is the units digit of m?
1
Let i = 7 + 2. Suppose 0 = 4*k - i*k + 15. Let s = 3 + k. What is the units digit of s?
6
Let t(x) = -7*x**2 + 4 + x**3 + 3*x - 2*x**2 + x**2. Let i be t(8). Suppose l - 11 = -5*j, 0*j - i = -4*j + 4*l. What is the units digit of j?
3
Suppose 3*i + 0*i = 0. Suppose i = -2*u - 14 + 58. What is the tens digit of u?
2
Let t = 61 - 16. What is the units digit of t?
5
Suppose 6*u = -406 + 1840. What is the units digit of u?
9
What is the units digit of (-2 - 0) + (19 - -1)?
8
Suppose n + n = 4. Suppose -3*v + 4*h + 2 = -24, -5*h - 25 = 0. Suppose -n*k = -8, 4*k + 22 = v*m + 5*k. What is the units digit of m?
9
Suppose z = -2*z. Suppose 3*m = 12 - z. What is the units digit of m?
4
Suppose 14*y - 9*y - 645 = 0. What is the units digit of y?
9
Let b(v) = -9*v + 17. What is the tens digit of b(-5)?
6
Let o(t) = -15*t**3 - t**2 + t + 1. Let j = -7 - -6. What is the units digit of o(j)?
4
Let f be (-10)/(-9)*-6*-3. What is the units digit of f/(-16)*(2 - 6)?
5
Suppose -4 + 2 = -s. Let o(i) = 0*i - 2 + 4*i - 6*i - 2*i**s + i**3 + 3*i. What is the tens digit of o(3)?
1
Let a(h) = -4*h - 1. Let k(c) = -8*c - 2. Let y(b) = 7*a(b) - 4*k(b). What is the units digit of y(2)?
9
Suppose 55 = 8*q - 401. What is the tens digit of q?
5
Let q = 69 + 157. What is the units digit of q?
6
Suppose -j + 3 = i, 3*i - 2*i = -4*j - 3. What is the units digit of 6 + 2 + j + -1?
5
Let w(b) = b**3 - 7*b**2 + 9*b - 1. What is the tens digit of w(6)?
1
Let d(l) = -l**2 + 16*l - 6. Let f be -3 - -1*(4 + 11). What is the units digit of d(f)?
2
Let b(l) = -l**3 - 8*l**2 - 8*l - 5. Let s be b(-7). What is the units digit of ((-2)/4)/(s/(-100))?
5
Let v(t) = 17*t**2 + 1. Let o be v(-1). Suppose -6 = -3*a + o. Let m = a - 2. What is the units digit of m?
6
What is the units digit of (-7 + 5)*(-31)/2?
1
Suppose -3*c = -14 + 5. Suppose 2*x + 59 = c*z - 66, 4*x + 160 = 4*z. What is the tens digit of z?
4
Suppose -16 = -5*y + 3*m, -5*m = -2*y - 0*m + 14. Suppose 3*l = 2*u + 41, -62 = -4*l + 4*u - y. What is the tens digit of l?
1
Suppose 3*y - 88 = -28. Let b = -10 - -14. Suppose -6*h + 4*h + 4*n + y = 0, -b*h = 3*n - 40. What is the tens digit of h?
1
Suppose 0 = 3*z - 4*u - 11, -z - 3*z = -2*u - 18. Let q = 5 - z. Suppose 0*f + 4*f - 52 = q. What is the units digit of f?
3
Suppose -2*f = -7*f - 2*r, -3*r = 15. Suppose -15 = -f*x - x. Suppose 0 = -s + x*s - 60. What is the units digit of s?
5
What is the units digit of 83 + 0 + (-6)/(-2)?
6
Let x be 2/((-3)/2 - -2). Suppose g = -3*s + 93, x*s - 8*s + g = -117. What is the tens digit of 4/10 + 468/s?
1
Let a(m) = m**3 + 8*m**2 + m + 10. Let l be a(-8). Suppose -3*f = l*f - 30. Let w(n) = n + 3. What is the units digit of w(f)?
9
Let r = 7 - 12. Let q = 7 - r. What is the units digit of q?
2
Let m = 11 + -8. Suppose b - 22 = f - m*f, -4*f + 48 = 3*b. What is the units digit of f?
9
Let m be 1/((2*-1)/8). Let o(q) = -q + 5. What is the units digit of o(m)?
9
Suppose -v + 3*z - 1 = 0, 2*v - 3*z + 5 + 0 = 0. Let q = v + 6. Suppose 6*o = q*o + 36. What is the units digit of o?
9
Suppose -3*t - 15 = 2*t, -401 = -5*r - 3*t. What is the units digit of r?
2
Let q be 25/3 + 4/6. Suppose -2*v = -3 - q. What is the units digit of v?
6
Suppose 7*b = 9*b - 204. What is the tens digit of b?
0
Suppose 40 = -10*n + 11*n. Suppose 10*r = 5*r + n. What is the units digit of r?
8
Let f = 15 + -12. Suppose 0 = -f*n + 4*n - 51. What is the tens digit of n?
5
Let j(s) = -s**3 + 9*s**2 - 8*s + 8. What is the tens digit of j(6)?
6
Let f(t) = -t**2 - 25*t + 24. What is the hundreds digit of f(-12)?
1
Suppose -5*y = 3*q + 1, 4*y - 3 = 2*q + 5. Let j(a) = -5 + 2*a - 1 + 5. What is the units digit of j(y)?
1
Let n be -6 - -3 - 44/2. Let w be (3/(-5))/(5/n). Suppose 0 = -q - 0*k + 2*k + 3, -3*k + w = q. What is the units digit of q?
3
Let o = 7 + 33. Suppose 2*a = -2*a + o. What is the units digit of a?
0
Let b(k) = -k - 2 - 4*k + 6*k. Let x = -4 - -9. What is the units digit of b(x)?
3
What is the hundreds digit of 4/(-10) + (-60)/25*-51?
1
Let l(s) = -s**2 + 7*s + 11. Let y be l(8). Let u(w) = w**2 - 2*w + 2. Let v be u(y). Suppose -1 - v = -d. What is the units digit of d?
6
Let b(r) = -r + 36. What is the tens digit of b(16)?
2
Let o = -7 - -29. What is the units digit of o?
2
Let k(d) = -d**3 + 11*d**2 + 12*d + 8. Let b be k(12). Let l = 17 - b. What is the units digit of l?
9
Suppose 0*u - 142 = -u - 5*i, 0 = -u + 4*i + 169. What is the tens digit of u?
5
Let c = -27 + 57. What is the units digit of c?
0
Let n(s) = -s**3 - 8*s**2 - 15*s - 32. What is the units digit of n(-8)?
8
Let n(v) = -8*v - 1. Let h be n(-6). Let x = h + -31. What is the units digit of x?
6
Let z(q) = 6*q**2 - 2*q + 1. Let p be (2 - 1) + 2 - 2. Let x be z(p). Suppose -4*l + x = 1. What is the units digit of l?
1
Let b(j) = -j + 10. Let i be b(7). Suppose 0 = -5*r + i*s + 121, 6*r - 124 = r + 2*s. Let n = -16 + r. What is the units digit of n?
0
Let k be (-12)/(-18)*(-1 + 19). What is the units digit of 46/k - (-2)/12?
4
Suppose 3*n - 11 = n - 3*q, -q - 7 = -2*n. Let d be 3/((n + 2)/2). What is the units digit of d/(-1 - 20/(-18))?
9
Let k(f) = -2 - 3 + 3 - f. Let d be k(-4). What is the units digit of (0 - 9)*d/(-6)?
3
Suppose 3*i - 805 = 80. What is the hundreds digit of i?
2
Let f(s) = -s**3 + 3*s**2. Let x be f(3). Suppose 5*i - i - 256 = x. What is the tens digit of i/6 + 2/(-3)?
1
Let c = 6 - 5. Suppose a + 6 = -c. What is the units digit of (12/a)/((-2)/14)?
2
Let l = -15 - -35. What is the tens digit of l?
2
Suppose 0 = 4*h + 4*u - 24, -4*u = -0*h - 3*h - 10. Suppose 0 = -5*c + h*r + 40, -5*c - 3*r + 32 = -c. Let q = c - 5. What is the units digit of q?
3
Suppose 3*j + b - 6 = 11, -2*j - 2 = -2*b. Suppose 4*q - q - 11 = -4*h, 4*h = 8. What is the units digit of ((-7)/j)/(q/(-4))?
7
Let m(a) = a**2 + 4*a + 4. Let b = -2 - -5. Suppose 0 - b = o. What is the units digit of m(o)?
1
Suppose 3*d + 4 = 13. Let z = 43 + 5. Suppose -d*v = -7*v + z. What is the tens digit of v?
1
Let a(y) = y**3 - 10*y**2 + y - 8. Let r(s) = s**3 - 9*s**2 + s - 8. Let g(x) = 3*a(x) - 4*r(x). What is the units digit of g(6)?
2
Suppose 3*y - 3 - 9 = 0. Suppose 3*f - 4*x = -2*f + 122, -3*f + y*x = -70. What is the units digit of f?
6
Suppose -5*n + 2*n + 79 = 5*s, -2*s + 34 = 2*n. What is the units digit of s + (-6)/(-5 - -3)?
7
Let t = 57 + -3. What is the units digit of t?
4
Suppose -15 = 2*y - 67. What is the tens digit of y?
2
Let p(k) be the first derivative of -1/2*k**2 - 4*k - 3. What is the units digit of p(-9)?
5
Suppose 4*a + 2*r - 3*r - 57 = 0, 0 = 4*a - 3*r - 59. What is the tens digit of a?
1
Let k = -1 + 4. What is the units digit of (6/(-4))/(k/(-4))?
2
Let a(g) = 2*g**2 - g. Let x be a(3). Suppose -2*z = -z - x. What is the tens digit of z?
1
Suppose -3*t + 3*v = -39, -4*v - 36 - 34 = -5*t. Let h = 32 - t. What is the units digit of h?
4
Let y(l) = l. Let f be y(0). Suppose f*w = 5*w - 60. What is the units digit of w?
2
Suppose w - 2*v = -2*w + 325, -v + 115 = w. What is the hundreds digit of w?
1
Let i(b) = -b + 2. Let z be i(0). Suppose -z*t = 2*t - 8. What is the units digit of t?
2
Suppose 0*s = -3*s - 15. Let v(d) = -d + 1. What is the units digit of v(s)?
6
Let x(r) = -13*r - 1. Let l be x(-1). Suppose 3*w + w - l = 0. Suppose 2*p = 15 - w. What is the units digit of p?
6
Suppose 6*r = 2*r - 4. Let b = r + 9. What is the units digit of b?
8
Let m(a) = a**2 - 7*a + 2. Let u be m(7). Suppose 2*y + 6*j = j + 45, 50 = 4*y + u*j. What is the units digit of y?
0
Let g = -42 + 94. Suppose 4*x - g = 2*x. What is the units digit of x?
6
Let w be (-3)/(-4) + (-3)/(-12). Let o = 7 + w. Suppose -2*n = -3*q + 3*n - o, 2*q - 4*n = -8. What is the units digit of q?
4
Let l(h) = 13*h**3 + h**2 - 1. Let d be l(1). Suppose 4*t - 11 = d. Suppose x + x = t. What is the units digit of x?
3
What is the units digit of (6/11)/(-3) - (-44346)/209?
2
Suppose 2*o + 0 - 23 = -p, p - 3 = 3*o. Suppose 2*k - p = 1. What is the units digit of k?
8
Let i(p) = -p**3 - 1 + 2*p**3 - p + 1 - 3 - 2*p**2. Let d be i(3). Suppose 0 = -5*s + s 